{"id":5755,"date":"2023-07-14T11:44:47","date_gmt":"2023-07-14T09:44:47","guid":{"rendered":"https:\/\/dastollhaus.de\/shop\/?post_type=product&#038;p=5755"},"modified":"2026-02-09T10:07:41","modified_gmt":"2026-02-09T09:07:41","slug":"discoraum","status":"publish","type":"product","link":"https:\/\/dastollhaus.de\/shop\/produkt\/discoraum\/","title":{"rendered":"MAXFUN Paket + Discoraum"},"content":{"rendered":"<p>Feier deinen Geburtstag im Tollhaus Bad Vilbel, dem aufregenden Indoorspielplatz im Rhein-Main-Gebiet! Mit diesem Ticket wird dein Geburtstag zu einem unvergesslichen Erlebnis. Stell dir vor, wie du und deine Freunde das Tollhaus betreten und die strahlenden Gesichter sehen. Die Aufregung, die Freude, die unvergesslichen Momente \u2013 all das wartet auf dich. Mit dem Ticket \u201cGeburtstag mit Discoraum\u201d f\u00fcr nur \u20ac 26,90 pro Kind bekommst du:<\/p>\n<ul>\n<li>Ein exklusiver Raum nur f\u00fcr dich und deine Freunde<\/li>\n<li>Buchbar Montags-Sonntags und an Feiertagen<\/li>\n<li>Eintritt bis zu 3 Stunden am Wochenende und sogar 4 Stunden unter der Woche<\/li>\n<li>Inklusive 5 Wertmarken f\u00fcr jedes Kind<\/li>\n<li>Wahl von bis zu zwei Men\u00fcs, sodass f\u00fcr jeden Geschmack etwas dabei ist<\/li>\n<li>zwei Getr\u00e4nke 0,3l f\u00fcr jedes Kind<\/li>\n<li>ein Betreuer, der euch am Tisch bedient, sodass ihr euch komplett um eure G\u00e4ste k\u00fcmmern k\u00f6nnt<\/li>\n<\/ul>\n<p>Bitte beachte, dass der Preis pro Kind berechnet wird und Erwachsene bei Getr\u00e4nken und dem Essen nicht inbegriffen sind. Unsere Geburtstagspakete sind ab 6 Kindern buchbar. Begleitpersonen zahlen den regul\u00e4ren Eintrittspreis (6 \u20ac). Bis 3 Tage vor dem Geburtstag kannst du kostenfrei stornieren.<\/p>\n<p>Du darfst gerne einen Geburtstagskuchen zum Geburtstag mitbringen. Das Mitbringen von anderen Speisen und Getr\u00e4nken (ausgenommen Babynahrung) ist jedoch nicht gestattet. Buche jetzt und mach deinen Geburtstag zu einem besonderen Erlebnis!<\/p>\n","protected":false},"excerpt":{"rendered":"<p>Feier deinen Geburtstag im Tollhaus Bad Vilbel, dem aufregenden Indoorspielplatz im Rhein-Main-Gebiet! Mit diesem Ticket wird dein Geburtstag zu einem unvergesslichen Erlebnis. Stell dir vor, wie du und deine Freunde das Tollhaus betreten und die strahlenden Gesichter sehen. Die Aufregung, die Freude, die unvergesslichen Momente \u2013 all das wartet auf dich. Mit dem Ticket \u201cGeburtstag mit Discoraum\u201d f\u00fcr nur \u20ac 26,90 pro Kind bekommst du:<\/p>\n<ul>\n<li>Ein exklusiver Raum nur f\u00fcr dich und deine Freunde<\/li>\n<li>Buchbar Montags-Sonntags und an Feiertagen<\/li>\n<li>Eintritt bis zu 3 Stunden am Wochenende und sogar 4 Stunden unter der Woche<\/li>\n<li>Inklusive 5 Wertmarken f\u00fcr jedes Kind<\/li>\n<li>Wahl von bis zu zwei Men\u00fcs, sodass f\u00fcr jeden Geschmack etwas dabei ist<\/li>\n<li>zwei Getr\u00e4nke 0,3l f\u00fcr jedes Kind<\/li>\n<li>ein Betreuer, der euch am Tisch bedient, sodass ihr euch komplett um eure G\u00e4ste k\u00fcmmern k\u00f6nnt<\/li>\n<\/ul>\n","protected":false},"featured_media":9197,"template":"","meta":{"rank_math_lock_modified_date":false},"product_cat":[90,82],"product_tag":[],"class_list":{"0":"post-5755","1":"product","2":"type-product","3":"status-publish","4":"has-post-thumbnail","6":"product_cat-geburtstag","7":"product_cat-tickets","8":"yith_booking_service-suesse-platte","9":"yith_booking_service-salzige-platte","11":"first","12":"instock","13":"virtual","14":"sold-individually","15":"taxable","16":"purchasable","17":"product-type-booking"},"_links":{"self":[{"href":"https:\/\/dastollhaus.de\/shop\/wp-json\/wp\/v2\/product\/5755","targetHints":{"allow":["GET"]}}],"collection":[{"href":"https:\/\/dastollhaus.de\/shop\/wp-json\/wp\/v2\/product"}],"about":[{"href":"https:\/\/dastollhaus.de\/shop\/wp-json\/wp\/v2\/types\/product"}],"version-history":[{"count":2,"href":"https:\/\/dastollhaus.de\/shop\/wp-json\/wp\/v2\/product\/5755\/revisions"}],"predecessor-version":[{"id":13011,"href":"https:\/\/dastollhaus.de\/shop\/wp-json\/wp\/v2\/product\/5755\/revisions\/13011"}],"wp:featuredmedia":[{"embeddable":true,"href":"https:\/\/dastollhaus.de\/shop\/wp-json\/wp\/v2\/media\/9197"}],"wp:attachment":[{"href":"https:\/\/dastollhaus.de\/shop\/wp-json\/wp\/v2\/media?parent=5755"}],"wp:term":[{"taxonomy":"product_cat","embeddable":true,"href":"https:\/\/dastollhaus.de\/shop\/wp-json\/wp\/v2\/product_cat?post=5755"},{"taxonomy":"product_tag","embeddable":true,"href":"https:\/\/dastollhaus.de\/shop\/wp-json\/wp\/v2\/product_tag?post=5755"}],"curies":[{"name":"wp","href":"https:\/\/api.w.org\/{rel}","templated":true}]}}